{"id":859,"date":"2023-01-12T15:58:42","date_gmt":"2023-01-12T14:58:42","guid":{"rendered":"http:\/\/urgentcrier.com\/?page_id=859"},"modified":"2023-01-12T17:17:21","modified_gmt":"2023-01-12T16:17:21","slug":"actualite","status":"publish","type":"page","link":"http:\/\/urgentcrier.com\/index.php\/actualite\/","title":{"rendered":"Actualit\u00e9"},"content":{"rendered":"\n<p> <\/p>\n\n\n\n<div class=\"wp-block-query is-layout-flow wp-block-query-is-layout-flow\"><ul class=\"is-flex-container columns-3 wp-block-post-template is-layout-flow wp-block-post-template-is-layout-flow\"><li class=\"wp-block-post post-2008 post type-post status-publish format-aside has-post-thumbnail hentry category-evenements category-info post_format-post-format-aside\">\n<h2 class=\"wp-block-post-title\"><a href=\"http:\/\/urgentcrier.com\/index.php\/2025\/08\/09\/resistances-aux-carmes\/\" target=\"_self\" >R\u00e9sistances aux Carmes<\/a><\/h2>\n\n<figure class=\"alignwide wp-block-post-featured-image\"><a href=\"http:\/\/urgentcrier.com\/index.php\/2025\/08\/09\/resistances-aux-carmes\/\" target=\"_self\"  ><img loading=\"lazy\" decoding=\"async\" width=\"824\" height=\"540\" src=\"http:\/\/urgentcrier.com\/wp-content\/uploads\/2025\/08\/PLAKlit.jpg\" class=\"attachment-post-thumbnail size-post-thumbnail wp-post-image\" alt=\"R\u00e9sistances aux Carmes\" style=\"object-fit:cover;\" srcset=\"http:\/\/urgentcrier.com\/wp-content\/uploads\/2025\/08\/PLAKlit.jpg 824w, http:\/\/urgentcrier.com\/wp-content\/uploads\/2025\/08\/PLAKlit-400x262.jpg 400w, http:\/\/urgentcrier.com\/wp-content\/uploads\/2025\/08\/PLAKlit-768x503.jpg 768w\" sizes=\"auto, 100vw\" \/><\/a><\/figure>\n\n<div class=\"wp-block-post-excerpt\"><p class=\"wp-block-post-excerpt__excerpt\"> <\/p><\/div>\n\n\n<hr class=\"wp-block-separator has-css-opacity\"\/>\n\n\n<div class=\"wp-block-post-date\"><time datetime=\"2025-08-09T18:51:41+02:00\">9 ao\u00fbt 2025<\/time><\/div>\n<\/li><li class=\"wp-block-post post-1968 post type-post status-publish format-aside has-post-thumbnail hentry category-evenements category-info post_format-post-format-aside\">\n<h2 class=\"wp-block-post-title\"><a href=\"http:\/\/urgentcrier.com\/index.php\/2025\/06\/24\/resistantes\/\" target=\"_self\" >RESISTANCES \/ RESISTANTES<\/a><\/h2>\n\n<figure class=\"alignwide wp-block-post-featured-image\"><a href=\"http:\/\/urgentcrier.com\/index.php\/2025\/06\/24\/resistantes\/\" target=\"_self\"  ><img loading=\"lazy\" decoding=\"async\" width=\"400\" height=\"392\" src=\"http:\/\/urgentcrier.com\/wp-content\/uploads\/2025\/06\/logoLTCOL.jpg\" class=\"attachment-post-thumbnail size-post-thumbnail wp-post-image\" alt=\"RESISTANCES \/ RESISTANTES\" style=\"object-fit:cover;\" sizes=\"auto, 100vw\" \/><\/a><\/figure>\n\n<div class=\"wp-block-post-excerpt\"><p class=\"wp-block-post-excerpt__excerpt\">le 8 juillet 2025, \u00ab\u00a0La journ\u00e9e n\u00e9cessaire\u00a0\u00bbRESISTANCES \/ RESISTANTES 16h s\u00e9rigraphie17h extrait Nuit au Maquis17h30 conf\u00e9rence lecture de Juliette Weller sur les R\u00e9sistantes de Manosque19h chants de R\u00e9sistances interm\u00e8des clips vid\u00e9o <\/p><\/div>\n\n\n<hr class=\"wp-block-separator has-css-opacity\"\/>\n\n\n<div class=\"wp-block-post-date\"><time datetime=\"2025-06-24T12:40:29+02:00\">24 juin 2025<\/time><\/div>\n<\/li><li class=\"wp-block-post post-1953 post type-post status-publish format-aside has-post-thumbnail hentry category-evenements category-expositions post_format-post-format-aside\">\n<h2 class=\"wp-block-post-title\"><a href=\"http:\/\/urgentcrier.com\/index.php\/2025\/02\/05\/christian-bourgeois-les-enfers\/\" target=\"_self\" >Christian Bourgeois \u00ab\u00a0Les Enfers\u00a0\u00bb<\/a><\/h2>\n\n<figure class=\"alignwide wp-block-post-featured-image\"><a href=\"http:\/\/urgentcrier.com\/index.php\/2025\/02\/05\/christian-bourgeois-les-enfers\/\" target=\"_self\"  ><img loading=\"lazy\" decoding=\"async\" width=\"500\" height=\"470\" src=\"http:\/\/urgentcrier.com\/wp-content\/uploads\/2025\/02\/vignette_kriss.jpg\" class=\"attachment-post-thumbnail size-post-thumbnail wp-post-image\" alt=\"Christian Bourgeois \u00ab\u00a0Les Enfers\u00a0\u00bb\" style=\"object-fit:cover;\" srcset=\"http:\/\/urgentcrier.com\/wp-content\/uploads\/2025\/02\/vignette_kriss.jpg 500w, http:\/\/urgentcrier.com\/wp-content\/uploads\/2025\/02\/vignette_kriss-400x376.jpg 400w\" sizes=\"auto, 100vw\" \/><\/a><\/figure>\n\n<div class=\"wp-block-post-excerpt\"><p class=\"wp-block-post-excerpt__excerpt\">exposition peinture \u00ab\u00a0les enfers\u00a0\u00bbChristian Bourgeois au Th\u00e9\u00e2tre des Carmes Andr\u00e9 BenedettoAvignon, f\u00e9vrier-juin 2025 vid\u00e9o du vernissage:\u00ab\u00a0\u00e9critures du d\u00e9sastre\u00a0\u00bb, performance de JM Peytavin 31 janvier 2025, vernissage <\/p><\/div>\n\n\n<hr class=\"wp-block-separator has-css-opacity\"\/>\n\n\n<div class=\"wp-block-post-date\"><time datetime=\"2025-02-05T12:45:22+01:00\">5 f\u00e9vrier 2025<\/time><\/div>\n<\/li><\/ul><\/div>\n","protected":false},"excerpt":{"rendered":"","protected":false},"author":1,"featured_media":0,"parent":0,"menu_order":0,"comment_status":"closed","ping_status":"closed","template":"","meta":{"footnotes":""},"class_list":["post-859","page","type-page","status-publish","hentry"],"_links":{"self":[{"href":"http:\/\/urgentcrier.com\/index.php\/wp-json\/wp\/v2\/pages\/859","targetHints":{"allow":["GET"]}}],"collection":[{"href":"http:\/\/urgentcrier.com\/index.php\/wp-json\/wp\/v2\/pages"}],"about":[{"href":"http:\/\/urgentcrier.com\/index.php\/wp-json\/wp\/v2\/types\/page"}],"author":[{"embeddable":true,"href":"http:\/\/urgentcrier.com\/index.php\/wp-json\/wp\/v2\/users\/1"}],"replies":[{"embeddable":true,"href":"http:\/\/urgentcrier.com\/index.php\/wp-json\/wp\/v2\/comments?post=859"}],"version-history":[{"count":4,"href":"http:\/\/urgentcrier.com\/index.php\/wp-json\/wp\/v2\/pages\/859\/revisions"}],"predecessor-version":[{"id":870,"href":"http:\/\/urgentcrier.com\/index.php\/wp-json\/wp\/v2\/pages\/859\/revisions\/870"}],"wp:attachment":[{"href":"http:\/\/urgentcrier.com\/index.php\/wp-json\/wp\/v2\/media?parent=859"}],"curies":[{"name":"wp","href":"https:\/\/api.w.org\/{rel}","templated":true}]}}

Actualité

<p> </p>



<div class="wp-block-query is-layout-flow wp-block-query-is-layout-flow"><ul class="is-flex-container columns-3 wp-block-post-template is-layout-flow wp-block-post-template-is-layout-flow"><li class="wp-block-post post-2008 post type-post status-publish format-aside has-post-thumbnail hentry category-evenements category-info post_format-post-format-aside">
<h2 class="wp-block-post-title"><a href="http://urgentcrier.com/index.php/2025/08/09/resistances-aux-carmes/" target="_self" >Résistances aux Carmes</a></h2>

<figure class="alignwide wp-block-post-featured-image"><a href="http://urgentcrier.com/index.php/2025/08/09/resistances-aux-carmes/" target="_self"  ><img loading="lazy" decoding="async" width="824" height="540" src="http://urgentcrier.com/wp-content/uploads/2025/08/PLAKlit.jpg" class="attachment-post-thumbnail size-post-thumbnail wp-post-image" alt="Résistances aux Carmes" style="object-fit:cover;" srcset="http://urgentcrier.com/wp-content/uploads/2025/08/PLAKlit.jpg 824w, http://urgentcrier.com/wp-content/uploads/2025/08/PLAKlit-400x262.jpg 400w, http://urgentcrier.com/wp-content/uploads/2025/08/PLAKlit-768x503.jpg 768w" sizes="auto, 100vw" /></a></figure>

<div class="wp-block-post-excerpt"><p class="wp-block-post-excerpt__excerpt"> </p></div>


<hr class="wp-block-separator has-css-opacity"/>


<div class="wp-block-post-date"><time datetime="2025-08-09T18:51:41+02:00">9 août 2025</time></div>
</li><li class="wp-block-post post-1968 post type-post status-publish format-aside has-post-thumbnail hentry category-evenements category-info post_format-post-format-aside">
<h2 class="wp-block-post-title"><a href="http://urgentcrier.com/index.php/2025/06/24/resistantes/" target="_self" >RESISTANCES / RESISTANTES</a></h2>

<figure class="alignwide wp-block-post-featured-image"><a href="http://urgentcrier.com/index.php/2025/06/24/resistantes/" target="_self"  ><img loading="lazy" decoding="async" width="400" height="392" src="http://urgentcrier.com/wp-content/uploads/2025/06/logoLTCOL.jpg" class="attachment-post-thumbnail size-post-thumbnail wp-post-image" alt="RESISTANCES / RESISTANTES" style="object-fit:cover;" sizes="auto, 100vw" /></a></figure>

<div class="wp-block-post-excerpt"><p class="wp-block-post-excerpt__excerpt">le 8 juillet 2025, « La journée nécessaire »RESISTANCES / RESISTANTES 16h sérigraphie17h extrait Nuit au Maquis17h30 conférence lecture de Juliette Weller sur les Résistantes de Manosque19h chants de Résistances intermèdes clips vidéo </p></div>


<hr class="wp-block-separator has-css-opacity"/>


<div class="wp-block-post-date"><time datetime="2025-06-24T12:40:29+02:00">24 juin 2025</time></div>
</li><li class="wp-block-post post-1953 post type-post status-publish format-aside has-post-thumbnail hentry category-evenements category-expositions post_format-post-format-aside">
<h2 class="wp-block-post-title"><a href="http://urgentcrier.com/index.php/2025/02/05/christian-bourgeois-les-enfers/" target="_self" >Christian Bourgeois « Les Enfers »</a></h2>

<figure class="alignwide wp-block-post-featured-image"><a href="http://urgentcrier.com/index.php/2025/02/05/christian-bourgeois-les-enfers/" target="_self"  ><img loading="lazy" decoding="async" width="500" height="470" src="http://urgentcrier.com/wp-content/uploads/2025/02/vignette_kriss.jpg" class="attachment-post-thumbnail size-post-thumbnail wp-post-image" alt="Christian Bourgeois « Les Enfers »" style="object-fit:cover;" srcset="http://urgentcrier.com/wp-content/uploads/2025/02/vignette_kriss.jpg 500w, http://urgentcrier.com/wp-content/uploads/2025/02/vignette_kriss-400x376.jpg 400w" sizes="auto, 100vw" /></a></figure>

<div class="wp-block-post-excerpt"><p class="wp-block-post-excerpt__excerpt">exposition peinture « les enfers »Christian Bourgeois au Théâtre des Carmes André BenedettoAvignon, février-juin 2025 vidéo du vernissage:« écritures du désastre », performance de JM Peytavin 31 janvier 2025, vernissage </p></div>


<hr class="wp-block-separator has-css-opacity"/>


<div class="wp-block-post-date"><time datetime="2025-02-05T12:45:22+01:00">5 février 2025</time></div>
</li></ul></div>
