{"id":129,"date":"2023-01-06T23:37:17","date_gmt":"2023-01-06T22:37:17","guid":{"rendered":"http:\/\/urgentcrier.com\/?page_id=129"},"modified":"2023-01-17T00:24:51","modified_gmt":"2023-01-16T23:24:51","slug":"biographie","status":"publish","type":"page","link":"http:\/\/urgentcrier.com\/index.php\/biographie\/","title":{"rendered":"Biographie"},"content":{"rendered":"\n<p><\/p>\n\n\n\n<p><\/p>\n\n\n\n<h1 class=\"wp-block-heading\">Andr\u00e9 Benedetto<br>1934 &#8211; 2009<\/h1>\n\n\n\n<h3 class=\"wp-block-heading\">Un \u00ab&nbsp;<em>Brecht retrouv\u00e9 sur un tr\u00e9teau de bateleur&nbsp;<\/em>\u00bb<\/h3>\n\n\n\n<p><strong>Gilles Sandier<\/strong><\/p>\n\n\n\n<p>N\u00e9 \u00e0 Marseille en 1934, Andr\u00e9 Benedetto reste attach\u00e9, tout au long de sa carri\u00e8re d&rsquo;homme de th\u00e9\u00e2tre tr\u00e8s prolifique (pr\u00e8s de soixante-dix pi\u00e8ces), \u00e0 la culture \u2013 on pourrait m\u00eame dire \u00e0 la <em>cause<\/em> \u2013 occitane ainsi qu&rsquo;\u00e0 la question de l&rsquo;identit\u00e9 m\u00e9diterran\u00e9enne, toujours li\u00e9es, chez lui, \u00e0 une option progressiste. Il fonde en 1961 la Nouvelle Compagnie d&rsquo;Avignon et est \u00e0 l&rsquo;origine du festival <em>Off <\/em>d&rsquo;Avignon. Auteur-acteur-metteur en sc\u00e8ne, associant \u00e9troitement po\u00e9sie et politique, Andr\u00e9 Benedetto est l&rsquo;un des artistes les plus repr\u00e9sentatifs du th\u00e9\u00e2tre engag\u00e9 de la fin des ann\u00e9es 1960. Une de ses premi\u00e8res pi\u00e8ces, <em>Napalm<\/em> (1968), traite de la guerre du Vietnam tandis qu&rsquo;une autre, <em>Zone Rouge<\/em> (1969) est construite autour du mythe de Che Guevara. Benedetto invente un th\u00e9\u00e2tre forain \u2013 Th\u00e9\u00e2tre de bivouac \u2013 d&rsquo;une grande richesse esth\u00e9tique o\u00f9 protestation et questionnement, didactisme et lyrisme, v\u00e9h\u00e9mence et humour ne cessent de se bousculer l&rsquo;un l&rsquo;autre. Mariage improbable et cependant parfaitement harmonieux de l&rsquo;esprit de la trag\u00e9die \u2013 un des premiers spectacles de Benedetto est une adaptation des <em>Perses<\/em> d&rsquo;Eschyles \u2013 et de l&rsquo;agit-pop des ann\u00e9es 1920.<\/p>\n\n\n\n<p><\/p>\n\n\n\n<p>Sous la direction de <strong>Robert Abirached<\/strong>,<br>extrait de <em>Le Th\u00e9\u00e2tre fran\u00e7ais du XX<\/em><sup><em>e<\/em><\/sup> <em>si\u00e8cle<\/em>, \u00e9ditions l&rsquo;avant-sc\u00e8ne th\u00e9\u00e2tre<br>  <strong>Une biographie un peu longue et d\u00e9taill\u00e9e !<\/strong><\/p>\n\n\n\n<p>N\u00e9 \u00e0 Marseille en 1934, Andr\u00e9 Benedetto passe son enfance et son adolescence \u00e0 Salon-de-Provence. Il exerce d&rsquo;abord comme instituteur. Il vient au th\u00e9\u00e2tre avec Gabriel Monnet au cours de stages d&rsquo;\u00e9t\u00e9. Il s&rsquo;installe en Avignon \u00e0 la fin des ann\u00e9es cinquante.<\/p>\n\n\n\n<p>La cr\u00e9ation en 1961 de la Nouvelle Compagnie d&rsquo;Avignon marque le d\u00e9but de son parcours artistique en tant que metteur en sc\u00e8ne, com\u00e9dien et bien s\u00fbr auteur de cette troupe permanente de cr\u00e9ation pour laquelle il a \u00e9crit plus d&rsquo;une soixantaine de pi\u00e8ces.<\/p>\n\n\n\n<p>Apr\u00e8s deux cr\u00e9ations (une adaptation de Poe et un texte dont il est l&rsquo;auteur,<\/p>\n\n\n\n<p><em>COLONEL STARK<\/em>), c&rsquo;est en 1963 que le travail de la compagnie commence v\u00e9ritablement avec l&rsquo;installation au Th\u00e9\u00e2tre des Carmes, qui \u00e0 l&rsquo;\u00e9poque n&rsquo;est qu&rsquo;une salle paroissiale. Benedetto met alors en sc\u00e8ne Claudel, Beckett, Eschyle, Arrabal, fait des montages de po\u00e8mes d&rsquo;Eluard ou de la \u00ab&nbsp;Beat Generation&nbsp;\u00bb, en \u00e9crit lui-m\u00eame. La publication d&rsquo;un manifeste qui pr\u00f4ne \u00ab&nbsp;les classiques au poteau&nbsp;\u00bb radicalise le travail de la troupe et engage d\u00e9finitivement Benedetto dans l&rsquo;\u00e9criture charg\u00e9e de retrouver \u00ab\u00a0la vraie couleur et le vrai poids des mots\u00a0\u00bb, et de mettre en sc\u00e8ne la lutte des classes sans didactisme mais en essayant plut\u00f4t de transposer les concepts, les images qui circulent dans les consciences.<\/p>\n\n\n\n<p>En 1966, il lance le festival \u00ab\u00a0OFF\u00a0\u00bb sans le vouloir avec <em>STATUES<\/em>. C&rsquo;est le d\u00e9but d&rsquo;une grande p\u00e9riode de th\u00e9\u00e2tre en prise directe avec les \u00e9v\u00e9nements politiques et historiques de son temps avec <em>NAPALM<\/em> (premi\u00e8re pi\u00e8ce fran\u00e7aise sur la guerre du Vietnam), <em>ZONE ROUGE, <\/em>(comment \u00eatre r\u00e9volutionnaire dans la France de notre temps, cr\u00e9\u00e9e en m\u00eame temps qu&rsquo;\u00e9clate Mai 68), <em>LE PETIT TRAIN DE MONSIEUR KAMODE<\/em> (le capitalisme monopoliste d&rsquo;\u00e9tat \u00e0 travers la SNCF), ou encore <em>EMBALLAGE<\/em> (illustration du livre premier du capital \u00e9labor\u00e9e avec des travailleurs du Havre ), qui remporte rapidement un succ\u00e8s international. Avec ses h\u00e9ros \u00ab\u00a0positifs-subversifs\u00a0\u00bb Andr\u00e9 Benedetto porte aussi \u00e0 la sc\u00e8ne des causes plus particuli\u00e8rement li\u00e9es \u00e0 ses racines d&rsquo;homme du Sud, comme la cause occitane avec la <em>MADONE DES ORDURES<\/em> ( 1973) mais aussi <em>GERONIMO<\/em>, <em>ESCLARMONDA<\/em>, <em>LE SIEGE DE MONTAUBAN<\/em>, <em>LES DRAPIERS JACOBINS<\/em>, <em>FUSILLADE A MONTREDON<\/em>\u2026 Les impasses ou contradictions rencontr\u00e9es jouant un r\u00f4le moteur, la dramaturgie d&rsquo;Andr\u00e9 Benedetto n&rsquo;a jamais cess\u00e9 d&rsquo;\u00e9voluer et de se frotter \u00e0 tout ce qui fonde notre \u00e9poque : grandes voix ou destins exemplaires (Jaur\u00e8s, Victor Hugo, Robespierre, Paul Riquet, Nelson Mandela, et tous les naufrag\u00e9s de l&rsquo;histoire), destins individuels marqu\u00e9s par la guerre, ou confront\u00e9s \u00e0 la drogue, l&rsquo;autisme \u2026 (<em>SQUATT CONNECTION , UN AUTISTE UN SOIR<\/em>) le malaise des banlieues (<em>FLEUR DU BETON<\/em>), faits de soci\u00e9t\u00e9 comme la pollution, la t\u00e9l\u00e9vision, la condition de la femme, l&rsquo;Europe (<em>NOUS LES EUROPEENS<\/em>). Dans cette \u0153uvre abondante, la place du th\u00e9\u00e2tre et le r\u00f4le de l&rsquo;acteur reviennent comme un leitmotiv : <em>LE MONOLOGUE DE SONIA, FIN DE JOURNEE, MOLIERE AU COEUR, L&rsquo;ACTEUR LOUP <\/em>(avec lequel il inaugure son th\u00e9\u00e2tre d&rsquo;improvisation), <em>ACTEUR SUD<\/em>&#8230; Il se d\u00e9finit comme Auteur-Acteur.<\/p>\n\n\n\n<p>En 1981, il rencontre le jazzman Bernard Lubat. Ils feront ensemble des \u00e9v\u00e9nements-musique, po\u00e9sie, th\u00e9\u00e2tre, plus d&rsquo;une quarantaine de cr\u00e9ations, parfois improvis\u00e9es, parfois avec les musiciens de la compagnie Lubat, parfois tout un spectacle, acteurs et musiciens m\u00eal\u00e9s, comme pour <em>LA TRAVERSEE DE TREIZE TRAGEDIES DE SHAKESPEARE A MOTO <\/em>au ch\u00e2teau de Villandraut.<\/p>\n\n\n\n<p>Il est invit\u00e9 \u00e0 jouer \u00e0 Beyrouth <em>L&rsquo;HOMME AUX PETITES PIERRES ENCERCLE PAR LES GROS CANONS, <\/em>et aussi \u00e0 Alexandrie. Il joue <em>LE CABARET D&rsquo;OMAR KAYYAM<\/em> \u00e0 Abu Dhabi et \u00e0 Duba\u00ef. On lui demande une cr\u00e9ation en co-production Abu Dhabi-Avignon. Il \u00e9crit alors <em>UN IMPOSSIBLE AMOUR POSSIBLE <\/em>qui sera mis en sc\u00e8ne par une jeune metteur en sc\u00e8ne Libanaise, et jou\u00e9 dans les deux pays.<\/p>\n\n\n\n<p>Avec son monologue <em>MEDEE <\/em>qu&rsquo;il joue au Festival d&rsquo;Avignon 2008, il interpelle toutes les \u00ab&nbsp;M\u00e9d\u00e9e&nbsp;\u00bb de tous les temps et de tous les pays.<\/p>\n\n\n\n<p>\u00c9lu pr\u00e9sident du Festival Off d&rsquo;Avignon en 2006 , il avait r\u00e9ussi par sa stature d&rsquo;homme droit et g\u00e9n\u00e9reux, \u00e0 r\u00e9tablir la paix dans ce Off bouillonnant.<\/p>\n\n\n\n<p><\/p>\n\n\n\n<p><strong>Liste des \u00e9crits d&rsquo;Andr\u00e9 Benedetto<\/strong><\/p>\n\n\n\n<p><strong>1963<\/strong> : Le pilote d&rsquo;Hiroshima&nbsp;\/\/ <strong>1965<\/strong> : Les Voyous&nbsp;\/\/ <strong>1966<\/strong> : Fabrication du noir &#8211; Statues &#8211; Urgent crier&nbsp;\/\/ <strong>1967<\/strong> : Napalm &#8211;&nbsp;Un pav\u00e9 &#8211; Xerx\u00e8s, les Perses \u00e0 3&nbsp;\/\/ <strong>1968<\/strong> : Auguste et Peter &#8211;&nbsp;Lola P\u00e9lican dite Rosalie Charit\u00e9 la femme aux milles seins &#8211; Zone rouge \u2013 Feux interdits&nbsp;\/\/ <strong>1969<\/strong> : Le petit train de Monsieur Kamod\u00e9 &#8211; Zone rouge, feux interdits \/\/<strong> 1970<\/strong> : Emballage &#8211;&nbsp;Rosa Lux la peste&nbsp;\/\/ <strong>1971<\/strong> : A bec et \u00e0 griffes &#8211;&nbsp;Auguste et Peter suivi de Lola Pelican &#8211; Commune de Paris &#8211; Le renard au cir\u00e9 jaune &#8211; Les poubelles du vent \/\/ <strong>1972<\/strong> : A quoi ressemble un \u00e9l\u00e9phant ? &#8211; Chant fun\u00e8bre pour un soldat am\u00e9ricain &#8211;&nbsp;La Chine entre \u00e0 l&rsquo;ONU &#8211; La contradiction dans l\u2019\u0153uf et l\u2019\u0153uf dans la contradiction &#8211; Urgent crier \/\/ <strong>1973 <\/strong>: Dix ans de th\u00e9\u00e2tre &#8211; Esclarmonda 1, Soir\u00e9es 46. &#8211; Les tambours de Satan &#8211; La Madone des ordures &#8211;&nbsp;Pourquoi et comment on a fait un assassin de Gaston D \/\/ <strong>1974<\/strong> : Esclarmonda 2 &#8211; Geronimo &#8211; Le si\u00e8ge de Montauban Mandrin &#8211; Monsieur Pantaloni \/\/ <strong>1975 <\/strong>: Aie les lunes de Fos &#8211; Alexandra K &#8211; Esclarmonda &#8211; Les baraques de Monsieur Jo &#8211; Ordinateur pour safari &#8211; Un Colosse aux mains souriantes \/\/ <strong>1976<\/strong> : Les Zulus des Ulis &#8211; Th\u00e9\u00e2tre 1, Les drapiers jacobins &#8211; Un bonjour de B\u00e8gles \/\/ <strong>1977<\/strong> : C&rsquo;est plein de Gens &#8211; Parcours V\u00e9nitien &#8211; Saint-Feniant et Dame Paresse \/\/ <strong>1978<\/strong> : Aux Carmes Citoyens &#8211; De Colonel Stark \u00e0 Lucia Popolo &#8211; L&rsquo;Occitana Engabiada &#8211; Ville \u00e0 vif \/\/ <strong>1979<\/strong> : Conf\u00e9rence \u00e0 la bougie &#8211; Les aventures de Madame Popolo &#8211; Pique-nique au moulin d&rsquo;Ardus \/\/ <strong>1980<\/strong> : Carnaval express &#8211; D&rsquo;o\u00f9 parlez-vous &#8211; Fusillade \u00e0 Montredon \/\/ <strong>1981<\/strong> : Le monologue de Sonia &#8211; M\u00eal\u00e9e 1, Revue M\u00eal\u00e9e&nbsp;&#8211;&nbsp;M\u00eal\u00e9e 2, Revue M\u00eal\u00e9e &#8211; Passage du midi, Croisi\u00e8re Paul Riquet &#8211; Un Soir, le chantier \/\/ <strong>1982<\/strong> : Electro-choc &#8211; Les \u00e9cluses du temps &#8211; Monsieur Pantaloni &#8211;&nbsp;Radio Solo \/\/ <strong>1983<\/strong> : \u00c7a br\u00fble fort tu vois entre l&rsquo;homme et son ombre \u2013&nbsp;Djebel amour \/\/&nbsp;<strong>1984<\/strong> : Aux Ormes &#8211;&nbsp;Jaur\u00e8s la voix &#8211; Les naufrag\u00e9s &#8211; Livre produit en une seule nuit de la po\u00e9sie &#8211; Lorenzo maintenant &#8211; Manteau d&rsquo;espion &#8211; Salut beau mec \/\/ <strong>1985<\/strong> : Tout Hugo d&rsquo;un seul coup \/\/<strong> 1986<\/strong> : Le bal des rescap\u00e9s &#8211; Lola Pelican &#8211; Paquet suspect &#8211; Tout Hugo d&rsquo;un seul coup\/\/ <strong>1987<\/strong> : Fin de journ\u00e9e &#8211; Le monde est l\u00e0 Mandela \u2013 Marie no man&rsquo;s land &#8211; Trois pi\u00e8ces pour un couple \/\/ <strong>1988<\/strong> : La nuit o\u00f9 Horemheb traquait Nefertiti \u00e0 travers les d\u00e9serts &#8211; Moli\u00e8re au c\u0153ur&nbsp;&#8211; Thermidor-Terminus, La Mort de Robespierre \/\/ <strong>1989<\/strong> : Un autiste un soir \/\/<strong> 1990<\/strong> : L&rsquo;acteur loup, Fiche d&rsquo;improvisation &#8211; Nuits au maquis &#8211;&nbsp;\/\/ <strong>1991<\/strong> : Aguirre La Vitup\u00e9ration &#8211;&nbsp;L&rsquo;auteur avec un acteur dans le corps ( + 2004) &#8211; Parcours photo du Th\u00e9\u00e2tre des Carmes &#8211; Squatt-connection \/\/<strong> 1992<\/strong> : Aguirre 2 &#8211; Grand vert &#8211; Nous les Eureup\u00e9ens \/\/ <strong>1993<\/strong> : A main arm\u00e9e &#8211;&nbsp;Avignon, suite et autres po\u00e8mes (r\u00e9\u00e9dit\u00e9 en 2011) &#8211; Com\u00e9die dans un bus &#8211; Louise et le Y\u00e9ti &#8211;&nbsp;T\u00e9l\u00e9 que nous sommes &#8211; Tout en directs \/\/ <strong>1994 <\/strong>: Cia amore &#8211;&nbsp;Don Juan aux aromates &#8211; Terres br\u00fbl\u00e9es ou Mir\u00e8io Land \/ \/&nbsp;<strong>1995<\/strong> : Carmen la gitane &#8211;&nbsp;Rigoberta met les voiles \/\/ <strong>1996<\/strong> : Fleur du b\u00e9ton &#8211; Le banquet de Macbeth &#8211; Le myst\u00e8re Vilar \/\/ <strong>1997<\/strong> : Ici commence le midi + Derni\u00e8res cigarettes &#8211; La d\u00e9gustation aux flambeaux &#8211; Le jour o\u00f9 je me suis install\u00e9 \u00e0 la Pr\u00e9sidence \/\/ <strong>1998<\/strong> : D\u00e9finition du porc- Les Trois Petits Cochons &#8211; Le Carton&rsquo;s club Trio Boum-Boum &#8211; Joue pour moi jeune fille \/\/<strong>&nbsp;1999<\/strong> : L&rsquo;implosion de Cl\u00e9ment V (r\u00e9\u00e9dition 2005) &#8211; Se tenant par la main \/\/<strong> 2000<\/strong> : Haute mer &#8211; Les arpenteurs de la cit\u00e9 &#8211; Sc\u00e8ne de la vie culturelle&nbsp;&#8211; Un soir dans une auberge avec Giordano Bruno \/ <strong>2001<\/strong> : Et si l&rsquo;acteur n&rsquo;\u00e9tait seulement qu&rsquo;un tuyau ? &#8211;&nbsp;Houle de fond &#8211; L&rsquo;orsalh\u00e8r e son ors Borre &#8211; Le cabaret Omar Khayyam &#8211; Le jeune homme expos\u00e9 G\u00eanes \/\/ <strong>2002<\/strong> : Deux ponts trois arbres quatre hommes du Sud &#8211;&nbsp;Essaie d&rsquo;\u00eatre aussi beau et pr\u00e9sent sur une sc\u00e8ne qu&rsquo;une vache dans un pr\u00e9 &#8211; Je sens soudain que quelque chose d&rsquo;autre que ce que j&rsquo;ai pr\u00e9vu va se passer &#8211; La Tentatrice -Le travesti&rsquo;s night club &#8211; Rencontre sur une \u00eele en M\u00e9diterran\u00e9e \/\/<strong> 2003<\/strong> : Facho papa ! &#8211;&nbsp;L&rsquo;homme aux petites pierres encercl\u00e9 par les gros canons \u2013 La nostalgie de l&rsquo;avenir avec tous les intermittents de la Terre &#8211; O\u00f9 en sont-ils ? &#8211; Le jeune homme de la berge &#8211; Moi engag\u00e9 ? Mais oui ! Ah bon &#8211;&nbsp;Mortes eaux &#8211; Sc\u00e8ne devant un mas avec des \u00e9quipements de protection &#8211; \/\/<strong>&nbsp;2004<\/strong> : Adam de Craponne et Nostradamus &#8211; Surexpos\u00e9es &#8211; Un impossible amour possible &#8211; Voix de la rue \/\/ <strong>2005<\/strong> : Croisi\u00e8re &#8211;&nbsp;Prout Boum \/\/ <strong>2006<\/strong> : \u00d4 clandestins la bienvenue, chez vos anc\u00eatres les gaulois \/\/ <strong>2007<\/strong> : Zezette et Zozo \/\/ <strong>2008<\/strong> : Emballage 1 et 2 &#8211;&nbsp;La sorci\u00e8re, son sanglier et l&rsquo;inquisiteur lubrique &#8211; M\u00e9d\u00e9e Tourbillon Solo \/\/&nbsp;<strong>2009<\/strong> : Lettres anonymes d&rsquo;aujourd&rsquo;hui \/\/ <strong>2011<\/strong> : Lear et son fou &#8211; Urgent crier suivi de Les poubelles du vent \/\/ <strong>2013<\/strong> : Marseille et M\u00e9diterran\u00e9e suivi de M\u00e9mento Occitan \/\/ <strong>2014<\/strong> : L&rsquo;acteur loup, Texte (\u00e9dition)<\/p>\n\n\n\n<p>La nuit soudain Lilia \/&nbsp;Peut-on enseigner le th\u00e9\u00e2tre aux enfants ? \/&nbsp;&nbsp;Haut les mains \/ L&rsquo;acteur loup (texte) \/ L&rsquo;allumeuse \/ Le bon docteur, fruits et l\u00e9gumes \/&nbsp;Les roses bleues de Misuapur \/&nbsp;Magnum &#8211; Suite de personnages \u00e0 la 6-4-2 avec un 357 \u00e0 la main \/ M\u00e9d\u00e9e fruit d&rsquo;Occident et M\u00e9d\u00e9e 3 \/&nbsp;Monstres anciens, modernes et post-modernes \/Naissance de Docteur O \/&nbsp;Qui sont ces gens \/&nbsp;Te souviens-tu de G\u00eanes \/&nbsp; Un abri pour la nuit \/&nbsp;Un gros paquet de fric \/Calamity Jane devant Sarah Bernhardt<\/p>\n\n\n\n<p><\/p>\n\n\n\n<p>C&rsquo;est lui qui, en 1966, fera d\u00e9buter Daniel Auteuil sur sc\u00e8ne dans une pi\u00e8ce de Tchekhov (<em>La demande en mariage<\/em>), l&rsquo;acteur n&rsquo;a alors que 16 ans<\/p>\n\n\n\n<p>Lors du <a href=\"https:\/\/fr.wikipedia.org\/wiki\/Festival_Off_d%27Avignon\">Festival Off d&rsquo;Avignon<\/a> <a href=\"https:\/\/fr.wikipedia.org\/wiki\/2011_au_th%C3%A9%C3%A2tre\">2011<\/a>, deux grands com\u00e9diens ont jou\u00e9 des textes d&rsquo;Andr\u00e9 Benedetto au th\u00e9\u00e2tre des Carmes-Andr\u00e9 Benedetto&nbsp;:<\/p>\n\n\n\n<ul class=\"wp-block-list\">\n<li>Philippe Caub\u00e8re a cr\u00e9\u00e9\u00a0: <em>Urgent crier\u00a0! Caub\u00e8re joue Benedetto<\/em>.<\/li>\n\n\n\n<li>Jean-Claude Drouot a mis en sc\u00e8ne et interpr\u00e9t\u00e9\u00a0: <em>Lear et son fou<\/em>.<\/li>\n<\/ul>\n\n\n\n<p>Andr\u00e9 Benedetto est le p\u00e8re de <a href=\"https:\/\/fr.wikipedia.org\/w\/index.php?title=S%C3%A9bastien_Benedetto&amp;action=edit&amp;redlink=1\">S\u00e9bastien Benedetto<\/a>, qui reprend la direction du <a href=\"https:\/\/fr.wikipedia.org\/wiki\/Th%C3%A9%C3%A2tre_des_Carmes\">Th\u00e9\u00e2tre des Carmes<\/a> avec Andri\u00e8ve Chamoux en 2010, puis seul \u00e0 partir de 2014<sup><a href=\"https:\/\/fr.wikipedia.org\/wiki\/Andr%C3%A9_Benedetto#cite_note-7\">7<\/a><\/sup>, et qui est \u00e0 son tour \u00e9lu \u00e0 41 ans (et un jour&#8230;) pr\u00e9sident de l\u2019association Avignon Festival &amp; Compagnie le 11 janvier 2021<sup><a href=\"https:\/\/fr.wikipedia.org\/wiki\/Andr%C3%A9_Benedetto#cite_note-:0-3\">3<\/a><\/sup>.<\/p>\n\n\n\n<h2 class=\"wp-block-heading\">Mises en sc\u00e8ne<\/h2>\n\n\n\n<p>Andr\u00e9 Benedetto a mis en sc\u00e8ne la plupart de ses pi\u00e8ces de th\u00e9\u00e2tre.<\/p>\n\n\n\n<h3 class=\"wp-block-heading\">Po\u00e9sie<\/h3>\n\n\n\n<ul class=\"wp-block-list\">\n<li><em>Urgent crier<\/em> (po\u00e8mes), Robert Morel, 1966&nbsp;; r\u00e9\u00e9dit\u00e9 avec <em>Les Poubelles du vent<\/em> aux \u00c9ditions <a href=\"https:\/\/fr.wikipedia.org\/wiki\/Le_Temps_des_cerises_(%C3%A9ditions)\">Le Temps des cerises<\/a> en 2010<\/li>\n\n\n\n<li><em>Les Poubelles du vent<\/em>, Oswald, 1971\u00a0; r\u00e9\u00e9dit\u00e9 avec <em>Urgent crier<\/em> aux \u00c9ditions Le Temps des cerises en 2010<\/li>\n\n\n\n<li><em>\u00c7a br\u00fble fort, tu vois, entre l&rsquo;homme et son ombre<\/em> (po\u00e8mes), Parole, 1983<\/li>\n\n\n\n<li><em>Avignon, suite<\/em> (po\u00e8mes), Br\u00e9mond, 1993&nbsp;; r\u00e9\u00e9dit\u00e9 augment\u00e9, 2011<\/li>\n<\/ul>\n\n\n\n<h3 class=\"wp-block-heading\">Bibliographie<\/h3>\n\n\n\n<h4 class=\"wp-block-heading\">Ouvrages<\/h4>\n\n\n\n<ul class=\"wp-block-list\">\n<li><em><a href=\"https:\/\/www.babelio.com\/auteur\/Andre-Benedetto\/36971\">Auteurs en sc\u00e8ne\u00a0: Andr\u00e9 Benedetto<\/a>, un homme-th\u00e9\u00e2tre<\/em>, Montpellier, \u00c9ditions Th\u00e9\u00e2tre des treize vents \/ Les Presses du Languedoc, d\u00e9cembre 1998-janvier 1999.<\/li>\n\n\n\n<li>Andr\u00e9 Benedetto, \u00ab\u00a0Moi engag\u00e9\u00a0? &#8211; Mais oui\u00a0! &#8211; Ah bon\u2026\u00a0\u00bb <em>in<\/em> Christian Biet, Olivier Neveux (dir.), <em>Une histoire du spectacle militant\u00a0: th\u00e9\u00e2tre et cin\u00e9ma militants 1966-1981<\/em>, Vic la Gardiole, L&rsquo;Entretemps (\u00ab\u00a0Th\u00e9\u00e2tre et cin\u00e9ma\u00a0\u00bb), 2007, p.\u00a0190-200.<\/li>\n\n\n\n<li>Dossier \u00ab\u00a0Andr\u00e9 Benedetto\u00a0\u00bb dans <em>Europe<\/em>, num\u00e9ros 988-989, ao\u00fbt-septembre 2011. Textes de\u00a0: Andr\u00e9 Benedetto, Brigitte Canaan, Philippe Caub\u00e8re, Olivier Neveux, Serge Pey, Jean-Pierre Sarrazac, Sama\u00ebl Steiner.<\/li>\n<\/ul>\n\n\n\n<h4 class=\"wp-block-heading\">Ouvrages avec notices, chapitres, analyses ou articles sur l&rsquo;\u0153uvre<\/h4>\n\n\n\n<ul class=\"wp-block-list\">\n<li>Claude Alranq, <em>Th\u00e9\u00e2tre d&rsquo;Oc contemporain. Les arts du jouer du midi de la France<\/em>, P\u00e9zenas, \u00c9ditions Domens, 1995.<\/li>\n\n\n\n<li>Olivier Neveux, <em>Th\u00e9\u00e2tres en lutte. Le th\u00e9\u00e2tre militant en France de 1960 \u00e0 nos jours<\/em>, Paris, La D\u00e9couverte, 2007.<\/li>\n\n\n\n<li><a href=\"https:\/\/fr.wikipedia.org\/wiki\/Gilles_Sandier\">Gilles Sandier<\/a>, <em>Th\u00e9\u00e2tre en crise. (Des ann\u00e9es 1970 \u00e0 82)<\/em>, Grenoble, \u00c9ditions La pens\u00e9e sauvage, 1982.<\/li>\n\n\n\n<li><a href=\"https:\/\/fr.wikipedia.org\/wiki\/Jean-Pierre_Sarrazac\">Jean-Pierre Sarrazac<\/a>, <em>L&rsquo;Avenir du drame<\/em>, Belfort, Circ\u00e9\/poche, 1999.<\/li>\n<\/ul>\n\n\n\n<h4 class=\"wp-block-heading\">Travaux universitaires<\/h4>\n\n\n\n<ul class=\"wp-block-list\">\n<li>Fr\u00e9d\u00e9ric Eldin, <em>Avignon 68, \u00e0 la crois\u00e9e des contestations, ou Le mouvement de mai-juin 1968 dans l&rsquo;agglom\u00e9ration d&rsquo;Avignon et son prolongement durant le <abbr title=\"Vingt-deuxi\u00e8me\">XXII<sup>e<\/sup><\/abbr> Festival<\/em>, M\u00e9moire de ma\u00eetrise d&rsquo;Histoire contemporaine sous la direction de Robert Mencherini, ann\u00e9e universitaire 1996-1997, Universit\u00e9 d&rsquo;Avignon et des Pays de Vaucluse.<\/li>\n<\/ul>\n\n\n\n<h4 class=\"wp-block-heading\">Articles dans revues<\/h4>\n\n\n\n<ul class=\"wp-block-list\">\n<li>Fran\u00e7oise Kourilsky, \u00ab&nbsp;Entretien avec Andr\u00e9 Benedetto et les com\u00e9diens de la nouvelle compagnie d\u2019Avignon&nbsp;\u00bb, <em>Travail th\u00e9\u00e2tral<\/em>, octobre-d\u00e9cembre 1971, n<sup>o<\/sup>&nbsp;5<\/li>\n\n\n\n<li>Olivier Neveux, \u00ab&nbsp;Un th\u00e9\u00e2tre dans la lutte des classes. Le th\u00e9\u00e2tre de \u201cPeuple\u201d d\u2019Andr\u00e9 Benedetto&nbsp;\u00bb, <em>in<\/em> B. Faivre (textes r\u00e9unis par), <em>\u00c9tudes th\u00e9\u00e2trales&nbsp;: \u201cTh\u00e9\u00e2tre populaire. Actualit\u00e9 d\u2019une utopie\u201d<\/em>, 40\/2007, Louvain-la-Neuve (Belgique), 2008.<\/li>\n\n\n\n<li>Olivier Neveux, <em>\u00ab\u00a0Alors, le lendemain, j&rsquo;ai ouvert <\/em>Le Capital<em>\u00a0\u00bb\u2026 Un th\u00e9\u00e2tre de la th\u00e9orie\u00a0: <\/em>Emballage<em> d&rsquo;Andr\u00e9 Benedetto<\/em>, <em>in<\/em> Jean-Marc Lachaud, Olivier Neveux (textes r\u00e9unis par), <em>Changer l&rsquo;art. Transformer la soci\u00e9t\u00e9<\/em>, Paris, L&rsquo;Harmattan (coll. \u00ab\u00a0Ouverture philosophique\u00a0\u00bb), 2009.<\/li>\n\n\n\n<li>Olivier Neveux, \u00ab&nbsp;\u00ab\u00a0entre aa et bb il y a qui\u00a0\u00bb. Dialectique de l\u2019ordre et du d\u00e9sordre dans le th\u00e9\u00e2tre d\u2019Andr\u00e9 Benedetto\u00a0\u00bb&nbsp;\u00bb, <em>Incertains regards. Cahiers dramaturgiques&nbsp;: \u00ab&nbsp;Figures du d\u00e9sordre sur la sc\u00e8ne contemporaine&nbsp;\u00bb<\/em>, n<sup>o<\/sup>&nbsp;2, Presses Universitaires de Provence, 2012.<\/li>\n\n\n\n<li><a href=\"https:\/\/fr.wikipedia.org\/wiki\/Jean-Pierre_Sarrazac\">Jean-Pierre Sarrazac<\/a>, \u00ab&nbsp;L\u2019\u00c9criture au pr\u00e9sent. Entretien avec A. Benedetto&nbsp;\u00bb, <em>Travail th\u00e9\u00e2tral<\/em>, janvier-juin 1975, n<sup>o<\/sup>&nbsp;18-19<\/li>\n\n\n\n<li><a href=\"https:\/\/fr.wikipedia.org\/wiki\/Jean-Pierre_Sarrazac\">Jean-Pierre Sarrazac<\/a>, \u00ab&nbsp;La Fable et l\u2019aujourd\u2019hui. Notes pour un th\u00e9\u00e2tre \u00e9pique renouvel\u00e9&nbsp;\u00bb, <em>Travail th\u00e9\u00e2tral<\/em>, octobre-d\u00e9cembre 1975, n<sup>o<\/sup>&nbsp;21.<\/li>\n<\/ul>\n","protected":false},"excerpt":{"rendered":"<p>Andr\u00e9 Benedetto1934 &#8211; 2009 Un \u00ab&nbsp;Brecht retrouv\u00e9 sur un tr\u00e9teau de bateleur&nbsp;\u00bb Gilles Sandier N\u00e9 \u00e0 Marseille en 1934, Andr\u00e9 Benedetto reste attach\u00e9, tout au long de sa carri\u00e8re d&rsquo;homme de th\u00e9\u00e2tre tr\u00e8s prolifique (pr\u00e8s de soixante-dix pi\u00e8ces), \u00e0 la culture \u2013 on pourrait m\u00eame dire \u00e0 la cause \u2013 occitane ainsi qu&rsquo;\u00e0 la question &hellip; <\/p>\n<p class=\"link-more\"><a href=\"http:\/\/urgentcrier.com\/index.php\/biographie\/\" class=\"more-link\">Continuer la lecture<span class=\"screen-reader-text\"> de &laquo;&nbsp;Biographie&nbsp;&raquo;<\/span><\/a><\/p>\n","protected":false},"author":1,"featured_media":0,"parent":0,"menu_order":0,"comment_status":"closed","ping_status":"closed","template":"","meta":{"footnotes":""},"class_list":["post-129","page","type-page","status-publish","hentry"],"_links":{"self":[{"href":"http:\/\/urgentcrier.com\/index.php\/wp-json\/wp\/v2\/pages\/129","targetHints":{"allow":["GET"]}}],"collection":[{"href":"http:\/\/urgentcrier.com\/index.php\/wp-json\/wp\/v2\/pages"}],"about":[{"href":"http:\/\/urgentcrier.com\/index.php\/wp-json\/wp\/v2\/types\/page"}],"author":[{"embeddable":true,"href":"http:\/\/urgentcrier.com\/index.php\/wp-json\/wp\/v2\/users\/1"}],"replies":[{"embeddable":true,"href":"http:\/\/urgentcrier.com\/index.php\/wp-json\/wp\/v2\/comments?post=129"}],"version-history":[{"count":4,"href":"http:\/\/urgentcrier.com\/index.php\/wp-json\/wp\/v2\/pages\/129\/revisions"}],"predecessor-version":[{"id":1122,"href":"http:\/\/urgentcrier.com\/index.php\/wp-json\/wp\/v2\/pages\/129\/revisions\/1122"}],"wp:attachment":[{"href":"http:\/\/urgentcrier.com\/index.php\/wp-json\/wp\/v2\/media?parent=129"}],"curies":[{"name":"wp","href":"https:\/\/api.w.org\/{rel}","templated":true}]}}